{"version":"1.0","provider_name":"Obispado San Marcos de Arica","provider_url":"https:\/\/obispadoarica.cl\/home","author_name":"Obispado de Arica","author_url":"https:\/\/obispadoarica.cl\/home\/author\/c1300590\/","title":"Concierto coral Navidad Universidad de Tarapaca - Obispado San Marcos de Arica","type":"rich","width":600,"height":338,"html":"<blockquote class=\"wp-embedded-content\" data-secret=\"m6VwtPjGNp\"><a href=\"https:\/\/obispadoarica.cl\/home\/concierto-coral-navidad-universidad-de-tarapaca\/\">Concierto coral Navidad Universidad de Tarapaca<\/a><\/blockquote><iframe sandbox=\"allow-scripts\" security=\"restricted\" src=\"https:\/\/obispadoarica.cl\/home\/concierto-coral-navidad-universidad-de-tarapaca\/embed\/#?secret=m6VwtPjGNp\" width=\"600\" height=\"338\" title=\"\u00abConcierto coral Navidad Universidad de Tarapaca\u00bb \u2014 Obispado San Marcos de Arica\" data-secret=\"m6VwtPjGNp\" frameborder=\"0\" marginwidth=\"0\" marginheight=\"0\" scrolling=\"no\" class=\"wp-embedded-content\"><\/iframe><script type=\"text\/javascript\">\n\/* <![CDATA[ *\/\n\/*! This file is auto-generated *\/\n!function(d,l){\"use strict\";l.querySelector&&d.addEventListener&&\"undefined\"!=typeof URL&&(d.wp=d.wp||{},d.wp.receiveEmbedMessage||(d.wp.receiveEmbedMessage=function(e){var t=e.data;if((t||t.secret||t.message||t.value)&&!\/[^a-zA-Z0-9]\/.test(t.secret)){for(var s,r,n,a=l.querySelectorAll('iframe[data-secret=\"'+t.secret+'\"]'),o=l.querySelectorAll('blockquote[data-secret=\"'+t.secret+'\"]'),c=new RegExp(\"^https?:$\",\"i\"),i=0;i<o.length;i++)o[i].style.display=\"none\";for(i=0;i<a.length;i++)s=a[i],e.source===s.contentWindow&&(s.removeAttribute(\"style\"),\"height\"===t.message?(1e3<(r=parseInt(t.value,10))?r=1e3:~~r<200&&(r=200),s.height=r):\"link\"===t.message&&(r=new URL(s.getAttribute(\"src\")),n=new URL(t.value),c.test(n.protocol))&&n.host===r.host&&l.activeElement===s&&(d.top.location.href=t.value))}},d.addEventListener(\"message\",d.wp.receiveEmbedMessage,!1),l.addEventListener(\"DOMContentLoaded\",function(){for(var e,t,s=l.querySelectorAll(\"iframe.wp-embedded-content\"),r=0;r<s.length;r++)(t=(e=s[r]).getAttribute(\"data-secret\"))||(t=Math.random().toString(36).substring(2,12),e.src+=\"#?secret=\"+t,e.setAttribute(\"data-secret\",t)),e.contentWindow.postMessage({message:\"ready\",secret:t},\"*\")},!1)))}(window,document);\n\/* ]]> *\/\n<\/script>\n","thumbnail_url":"https:\/\/obispadoarica.cl\/home\/wp-content\/uploads\/2022\/12\/274cade5-9110-4d89-9fc0-d72a2dab3e3c.jpeg","thumbnail_width":991,"thumbnail_height":1280,"description":"Est\u00e1n todos invitados a nuestro tradicional concierto navide\u00f1o. En esta ocasi\u00f3n, tendremos la participaci\u00f3n especial de miembros de la comunidad arique\u00f1a, con quienes cantaremos bellos villancicos tradicionales en conjunto con el ensamble de cuerdas la UTA. \u00a1Les esperamos! &#x1f384;&#x1f936;&#x1f385;&#x1f3b6;"}

Están todos invitados a nuestro tradicional concierto navideño. En esta ocasión, tendremos la participación especial de miembros de la comunidad ariqueña, con quienes cantaremos bellos villancicos tradicionales en conjunto con el ensamble de cuerdas la UTA. ¡Les esperamos! &#x1f384;&#x1f936;&#x1f385;&#x1f3b6;
