{"version":"1.0","provider_name":"Obispado San Marcos de Arica","provider_url":"https:\/\/obispadoarica.cl\/home","author_name":"Obispado de Arica","author_url":"https:\/\/obispadoarica.cl\/home\/author\/c1300590\/","title":"Declaraci\u00f3n Dignitas infinita sobre la dignidad humana - Obispado San Marcos de Arica","type":"rich","width":600,"height":338,"html":"<blockquote class=\"wp-embedded-content\" data-secret=\"CtqUbzXcGO\"><a href=\"https:\/\/obispadoarica.cl\/home\/declaracion-dignitas-infinita-sobre-la-dignidad-humana\/\">Declaraci\u00f3n Dignitas infinita sobre la dignidad humana<\/a><\/blockquote><iframe sandbox=\"allow-scripts\" security=\"restricted\" src=\"https:\/\/obispadoarica.cl\/home\/declaracion-dignitas-infinita-sobre-la-dignidad-humana\/embed\/#?secret=CtqUbzXcGO\" width=\"600\" height=\"338\" title=\"\u00abDeclaraci\u00f3n Dignitas infinita sobre la dignidad humana\u00bb \u2014 Obispado San Marcos de Arica\" data-secret=\"CtqUbzXcGO\" frameborder=\"0\" marginwidth=\"0\" marginheight=\"0\" scrolling=\"no\" class=\"wp-embedded-content\"><\/iframe><script type=\"text\/javascript\">\n\/* <![CDATA[ *\/\n\/*! This file is auto-generated *\/\n!function(d,l){\"use strict\";l.querySelector&&d.addEventListener&&\"undefined\"!=typeof URL&&(d.wp=d.wp||{},d.wp.receiveEmbedMessage||(d.wp.receiveEmbedMessage=function(e){var t=e.data;if((t||t.secret||t.message||t.value)&&!\/[^a-zA-Z0-9]\/.test(t.secret)){for(var s,r,n,a=l.querySelectorAll('iframe[data-secret=\"'+t.secret+'\"]'),o=l.querySelectorAll('blockquote[data-secret=\"'+t.secret+'\"]'),c=new RegExp(\"^https?:$\",\"i\"),i=0;i<o.length;i++)o[i].style.display=\"none\";for(i=0;i<a.length;i++)s=a[i],e.source===s.contentWindow&&(s.removeAttribute(\"style\"),\"height\"===t.message?(1e3<(r=parseInt(t.value,10))?r=1e3:~~r<200&&(r=200),s.height=r):\"link\"===t.message&&(r=new URL(s.getAttribute(\"src\")),n=new URL(t.value),c.test(n.protocol))&&n.host===r.host&&l.activeElement===s&&(d.top.location.href=t.value))}},d.addEventListener(\"message\",d.wp.receiveEmbedMessage,!1),l.addEventListener(\"DOMContentLoaded\",function(){for(var e,t,s=l.querySelectorAll(\"iframe.wp-embedded-content\"),r=0;r<s.length;r++)(t=(e=s[r]).getAttribute(\"data-secret\"))||(t=Math.random().toString(36).substring(2,12),e.src+=\"#?secret=\"+t,e.setAttribute(\"data-secret\",t)),e.contentWindow.postMessage({message:\"ready\",secret:t},\"*\")},!1)))}(window,document);\n\/* ]]> *\/\n<\/script>\n","thumbnail_url":"https:\/\/obispadoarica.cl\/home\/wp-content\/uploads\/2024\/04\/papa-francisco-vaticano-violaciones-dignidad-hu.jpg","thumbnail_width":660,"thumbnail_height":235,"description":"En el Congreso del 15 de marzo del 2019, la entonces Congregaci\u00f3n para la Doctrina de la Fe decidi\u00f3 iniciar \u00abla redacci\u00f3n de un texto subrayando lo imprescindible del concepto de dignidad de la persona humana en el seno de la antropolog\u00eda cristiana e ilustrando el alcance y las implicaciones beneficiosas a nivel social, pol\u00edtico [...]"}

Declaración Dignitas infinita sobre la dignidad humana - Obispado San Marcos de Arica

<blockquote class="wp-embedded-content" data-secret="CtqUbzXcGO"><a href="https://obispadoarica.cl/home/declaracion-dignitas-infinita-sobre-la-dignidad-humana/">Declaración Dignitas infinita sobre la dignidad humana</a></blockquote><iframe sandbox="allow-scripts" security="restricted" src="https://obispadoarica.cl/home/declaracion-dignitas-infinita-sobre-la-dignidad-humana/embed/#?secret=CtqUbzXcGO" width="600" height="338" title="«Declaración Dignitas infinita sobre la dignidad humana» — Obispado San Marcos de Arica" data-secret="CtqUbzXcGO" frameborder="0" marginwidth="0" marginheight="0" scrolling="no" class="wp-embedded-content"></iframe><script type="text/javascript">
/* <![CDATA[ */
/*! This file is auto-generated */
!function(d,l){"use strict";l.querySelector&&d.addEventListener&&"undefined"!=typeof URL&&(d.wp=d.wp||{},d.wp.receiveEmbedMessage||(d.wp.receiveEmbedMessage=function(e){var t=e.data;if((t||t.secret||t.message||t.value)&&!/[^a-zA-Z0-9]/.test(t.secret)){for(var s,r,n,a=l.querySelectorAll('iframe[data-secret="'+t.secret+'"]'),o=l.querySelectorAll('blockquote[data-secret="'+t.secret+'"]'),c=new RegExp("^https?:$","i"),i=0;i<o.length;i++)o[i].style.display="none";for(i=0;i<a.length;i++)s=a[i],e.source===s.contentWindow&&(s.removeAttribute("style"),"height"===t.message?(1e3<(r=parseInt(t.value,10))?r=1e3:~~r<200&&(r=200),s.height=r):"link"===t.message&&(r=new URL(s.getAttribute("src")),n=new URL(t.value),c.test(n.protocol))&&n.host===r.host&&l.activeElement===s&&(d.top.location.href=t.value))}},d.addEventListener("message",d.wp.receiveEmbedMessage,!1),l.addEventListener("DOMContentLoaded",function(){for(var e,t,s=l.querySelectorAll("iframe.wp-embedded-content"),r=0;r<s.length;r++)(t=(e=s[r]).getAttribute("data-secret"))||(t=Math.random().toString(36).substring(2,12),e.src+="#?secret="+t,e.setAttribute("data-secret",t)),e.contentWindow.postMessage({message:"ready",secret:t},"*")},!1)))}(window,document);
/* ]]> */
</script>

En el Congreso del 15 de marzo del 2019, la entonces Congregación para la Doctrina de la Fe decidió iniciar «la redacción de un texto subrayando lo imprescindible del concepto de dignidad de la persona humana en el seno de la antropología cristiana e ilustrando el alcance y las implicaciones beneficiosas a nivel social, político [...]
