{"version":"1.0","provider_name":"Obispado San Marcos de Arica","provider_url":"https:\/\/obispadoarica.cl\/home","author_name":"Obispado de Arica","author_url":"https:\/\/obispadoarica.cl\/home\/author\/c1300590\/","title":"Infancia y Adolescencia Misionera - Obispado San Marcos de Arica","type":"rich","width":600,"height":338,"html":"<blockquote class=\"wp-embedded-content\" data-secret=\"bGYGtsg1zS\"><a href=\"https:\/\/obispadoarica.cl\/home\/infancia-y-adolescencia-misionera\/\">Infancia y Adolescencia Misionera<\/a><\/blockquote><iframe sandbox=\"allow-scripts\" security=\"restricted\" src=\"https:\/\/obispadoarica.cl\/home\/infancia-y-adolescencia-misionera\/embed\/#?secret=bGYGtsg1zS\" width=\"600\" height=\"338\" title=\"\u00abInfancia y Adolescencia Misionera\u00bb \u2014 Obispado San Marcos de Arica\" data-secret=\"bGYGtsg1zS\" frameborder=\"0\" marginwidth=\"0\" marginheight=\"0\" scrolling=\"no\" class=\"wp-embedded-content\"><\/iframe><script type=\"text\/javascript\">\n\/* <![CDATA[ *\/\n\/*! This file is auto-generated *\/\n!function(d,l){\"use strict\";l.querySelector&&d.addEventListener&&\"undefined\"!=typeof URL&&(d.wp=d.wp||{},d.wp.receiveEmbedMessage||(d.wp.receiveEmbedMessage=function(e){var t=e.data;if((t||t.secret||t.message||t.value)&&!\/[^a-zA-Z0-9]\/.test(t.secret)){for(var s,r,n,a=l.querySelectorAll('iframe[data-secret=\"'+t.secret+'\"]'),o=l.querySelectorAll('blockquote[data-secret=\"'+t.secret+'\"]'),c=new RegExp(\"^https?:$\",\"i\"),i=0;i<o.length;i++)o[i].style.display=\"none\";for(i=0;i<a.length;i++)s=a[i],e.source===s.contentWindow&&(s.removeAttribute(\"style\"),\"height\"===t.message?(1e3<(r=parseInt(t.value,10))?r=1e3:~~r<200&&(r=200),s.height=r):\"link\"===t.message&&(r=new URL(s.getAttribute(\"src\")),n=new URL(t.value),c.test(n.protocol))&&n.host===r.host&&l.activeElement===s&&(d.top.location.href=t.value))}},d.addEventListener(\"message\",d.wp.receiveEmbedMessage,!1),l.addEventListener(\"DOMContentLoaded\",function(){for(var e,t,s=l.querySelectorAll(\"iframe.wp-embedded-content\"),r=0;r<s.length;r++)(t=(e=s[r]).getAttribute(\"data-secret\"))||(t=Math.random().toString(36).substring(2,12),e.src+=\"#?secret=\"+t,e.setAttribute(\"data-secret\",t)),e.contentWindow.postMessage({message:\"ready\",secret:t},\"*\")},!1)))}(window,document);\n\/* ]]> *\/\n<\/script>\n","thumbnail_url":"https:\/\/obispadoarica.cl\/home\/wp-content\/uploads\/2022\/10\/311589492_5387571001340442_1073210001291154702_n.jpeg","thumbnail_width":2048,"thumbnail_height":1536,"description":"Con la Santa Misa en la Catedral, Mons. Mois\u00e9s Atisha junto a miembros de la infancia misionera celebraron el D\u00eda de la Misi\u00f3n Universal bajo el lema \u201cSer\u00e1n mis testigos\u201d. Reconociendo los frutos de la fe que se va forjando como semilla en nuestras vidas, mencionada el Obispo. Signo significativo de la evangelizaci\u00f3n de ni\u00f1os [...]"}

Con la Santa Misa en la Catedral, Mons. Moisés Atisha junto a miembros de la infancia misionera celebraron el Día de la Misión Universal bajo el lema “Serán mis testigos”. Reconociendo los frutos de la fe que se va forjando como semilla en nuestras vidas, mencionada el Obispo. Signo significativo de la evangelización de niños [...]
