{"version":"1.0","provider_name":"Obispado San Marcos de Arica","provider_url":"https:\/\/obispadoarica.cl\/home","author_name":"Obispado de Arica","author_url":"https:\/\/obispadoarica.cl\/home\/author\/c1300590\/","title":"Meditaciones para Semana Santa - Obispado San Marcos de Arica","type":"rich","width":600,"height":338,"html":"<blockquote class=\"wp-embedded-content\" data-secret=\"W6A7Uk2Dy7\"><a href=\"https:\/\/obispadoarica.cl\/home\/meditaciones-para-semana-santa\/\">Meditaciones para Semana Santa<\/a><\/blockquote><iframe sandbox=\"allow-scripts\" security=\"restricted\" src=\"https:\/\/obispadoarica.cl\/home\/meditaciones-para-semana-santa\/embed\/#?secret=W6A7Uk2Dy7\" width=\"600\" height=\"338\" title=\"\u00abMeditaciones para Semana Santa\u00bb \u2014 Obispado San Marcos de Arica\" data-secret=\"W6A7Uk2Dy7\" frameborder=\"0\" marginwidth=\"0\" marginheight=\"0\" scrolling=\"no\" class=\"wp-embedded-content\"><\/iframe><script type=\"text\/javascript\">\n\/* <![CDATA[ *\/\n\/*! This file is auto-generated *\/\n!function(d,l){\"use strict\";l.querySelector&&d.addEventListener&&\"undefined\"!=typeof URL&&(d.wp=d.wp||{},d.wp.receiveEmbedMessage||(d.wp.receiveEmbedMessage=function(e){var t=e.data;if((t||t.secret||t.message||t.value)&&!\/[^a-zA-Z0-9]\/.test(t.secret)){for(var s,r,n,a=l.querySelectorAll('iframe[data-secret=\"'+t.secret+'\"]'),o=l.querySelectorAll('blockquote[data-secret=\"'+t.secret+'\"]'),c=new RegExp(\"^https?:$\",\"i\"),i=0;i<o.length;i++)o[i].style.display=\"none\";for(i=0;i<a.length;i++)s=a[i],e.source===s.contentWindow&&(s.removeAttribute(\"style\"),\"height\"===t.message?(1e3<(r=parseInt(t.value,10))?r=1e3:~~r<200&&(r=200),s.height=r):\"link\"===t.message&&(r=new URL(s.getAttribute(\"src\")),n=new URL(t.value),c.test(n.protocol))&&n.host===r.host&&l.activeElement===s&&(d.top.location.href=t.value))}},d.addEventListener(\"message\",d.wp.receiveEmbedMessage,!1),l.addEventListener(\"DOMContentLoaded\",function(){for(var e,t,s=l.querySelectorAll(\"iframe.wp-embedded-content\"),r=0;r<s.length;r++)(t=(e=s[r]).getAttribute(\"data-secret\"))||(t=Math.random().toString(36).substring(2,12),e.src+=\"#?secret=\"+t,e.setAttribute(\"data-secret\",t)),e.contentWindow.postMessage({message:\"ready\",secret:t},\"*\")},!1)))}(window,document);\n\/* ]]> *\/\n<\/script>\n","thumbnail_url":"https:\/\/obispadoarica.cl\/home\/wp-content\/uploads\/2023\/04\/unnamed-1.jpeg","thumbnail_width":1280,"thumbnail_height":720,"description":"Para nosotros la Semana Santa no es el recuerdo de un hecho hist\u00f3rico cualquiera, es la contemplaci\u00f3n del amor de Dios que permite el sacrificio de su Hijo, el dolor de ver a Jes\u00fas crucificado, la esperanza de ver a Cristo que vuelve a la vida y el j\u00fabilo de su Resurrecci\u00f3n. https:\/\/ver.formed.lat\/meditaciones-para-semana-santa?eti=9302"}

Para nosotros la Semana Santa no es el recuerdo de un hecho histórico cualquiera, es la contemplación del amor de Dios que permite el sacrificio de su Hijo, el dolor de ver a Jesús crucificado, la esperanza de ver a Cristo que vuelve a la vida y el júbilo de su Resurrección. https://ver.formed.lat/meditaciones-para-semana-santa?eti=9302
