{"version":"1.0","provider_name":"Obispado San Marcos de Arica","provider_url":"https:\/\/obispadoarica.cl\/home","author_name":"Obispado de Arica","author_url":"https:\/\/obispadoarica.cl\/home\/author\/c1300590\/","title":"Segunda Asamblea Diocesana - Obispado San Marcos de Arica","type":"rich","width":600,"height":338,"html":"<blockquote class=\"wp-embedded-content\" data-secret=\"WDOE4ZgYPK\"><a href=\"https:\/\/obispadoarica.cl\/home\/segunda-asamblea-diocesana\/\">Segunda Asamblea Diocesana<\/a><\/blockquote><iframe sandbox=\"allow-scripts\" security=\"restricted\" src=\"https:\/\/obispadoarica.cl\/home\/segunda-asamblea-diocesana\/embed\/#?secret=WDOE4ZgYPK\" width=\"600\" height=\"338\" title=\"\u00abSegunda Asamblea Diocesana\u00bb \u2014 Obispado San Marcos de Arica\" data-secret=\"WDOE4ZgYPK\" frameborder=\"0\" marginwidth=\"0\" marginheight=\"0\" scrolling=\"no\" class=\"wp-embedded-content\"><\/iframe><script type=\"text\/javascript\">\n\/* <![CDATA[ *\/\n\/*! This file is auto-generated *\/\n!function(d,l){\"use strict\";l.querySelector&&d.addEventListener&&\"undefined\"!=typeof URL&&(d.wp=d.wp||{},d.wp.receiveEmbedMessage||(d.wp.receiveEmbedMessage=function(e){var t=e.data;if((t||t.secret||t.message||t.value)&&!\/[^a-zA-Z0-9]\/.test(t.secret)){for(var s,r,n,a=l.querySelectorAll('iframe[data-secret=\"'+t.secret+'\"]'),o=l.querySelectorAll('blockquote[data-secret=\"'+t.secret+'\"]'),c=new RegExp(\"^https?:$\",\"i\"),i=0;i<o.length;i++)o[i].style.display=\"none\";for(i=0;i<a.length;i++)s=a[i],e.source===s.contentWindow&&(s.removeAttribute(\"style\"),\"height\"===t.message?(1e3<(r=parseInt(t.value,10))?r=1e3:~~r<200&&(r=200),s.height=r):\"link\"===t.message&&(r=new URL(s.getAttribute(\"src\")),n=new URL(t.value),c.test(n.protocol))&&n.host===r.host&&l.activeElement===s&&(d.top.location.href=t.value))}},d.addEventListener(\"message\",d.wp.receiveEmbedMessage,!1),l.addEventListener(\"DOMContentLoaded\",function(){for(var e,t,s=l.querySelectorAll(\"iframe.wp-embedded-content\"),r=0;r<s.length;r++)(t=(e=s[r]).getAttribute(\"data-secret\"))||(t=Math.random().toString(36).substring(2,12),e.src+=\"#?secret=\"+t,e.setAttribute(\"data-secret\",t)),e.contentWindow.postMessage({message:\"ready\",secret:t},\"*\")},!1)))}(window,document);\n\/* ]]> *\/\n<\/script>\n","thumbnail_url":"https:\/\/obispadoarica.cl\/home\/wp-content\/uploads\/2023\/07\/segunda-asamblea.png","thumbnail_width":1580,"thumbnail_height":859,"description":"Segunda Asamblea Diocesana a\u00f1o 2023. \u201d Trabajo Pastoral Foda\u201d. https:\/\/youtu.be\/Ti4p59Wdb5w \u00a0 \u00a1No te pierdas la Segunda Asamblea Diocesana del 10 de julio de 2023! En esta entrevista, Mar\u00eda Jos\u00e9 Collado nos comparte su perspectiva \u00fanica. \u00a1Con\u00f3cela m\u00e1s a fondo sigui\u00e9ndola en las redes sociales! Facebook: https:\/\/web.facebook.com\/majosecollado Twitter: https:\/\/twitter.com\/ma_coty"}

Segunda Asamblea Diocesana año 2023. ” Trabajo Pastoral Foda”. https://youtu.be/Ti4p59Wdb5w   ¡No te pierdas la Segunda Asamblea Diocesana del 10 de julio de 2023! En esta entrevista, María José Collado nos comparte su perspectiva única. ¡Conócela más a fondo siguiéndola en las redes sociales! Facebook: https://web.facebook.com/majosecollado Twitter: https://twitter.com/ma_coty
