{"version":"1.0","provider_name":"Obispado San Marcos de Arica","provider_url":"https:\/\/obispadoarica.cl\/home","author_name":"Obispado de Arica","author_url":"https:\/\/obispadoarica.cl\/home\/author\/c1300590\/","title":"Te Deum en San Marcos de Arica - Obispado San Marcos de Arica","type":"rich","width":600,"height":338,"html":"<blockquote class=\"wp-embedded-content\" data-secret=\"jwuFn9mRjD\"><a href=\"https:\/\/obispadoarica.cl\/home\/te-deum-en-san-marcos-de-arica\/\">Te Deum en San Marcos de Arica<\/a><\/blockquote><iframe sandbox=\"allow-scripts\" security=\"restricted\" src=\"https:\/\/obispadoarica.cl\/home\/te-deum-en-san-marcos-de-arica\/embed\/#?secret=jwuFn9mRjD\" width=\"600\" height=\"338\" title=\"\u00abTe Deum en San Marcos de Arica\u00bb \u2014 Obispado San Marcos de Arica\" data-secret=\"jwuFn9mRjD\" frameborder=\"0\" marginwidth=\"0\" marginheight=\"0\" scrolling=\"no\" class=\"wp-embedded-content\"><\/iframe><script type=\"text\/javascript\">\n\/* <![CDATA[ *\/\n\/*! This file is auto-generated *\/\n!function(d,l){\"use strict\";l.querySelector&&d.addEventListener&&\"undefined\"!=typeof URL&&(d.wp=d.wp||{},d.wp.receiveEmbedMessage||(d.wp.receiveEmbedMessage=function(e){var t=e.data;if((t||t.secret||t.message||t.value)&&!\/[^a-zA-Z0-9]\/.test(t.secret)){for(var s,r,n,a=l.querySelectorAll('iframe[data-secret=\"'+t.secret+'\"]'),o=l.querySelectorAll('blockquote[data-secret=\"'+t.secret+'\"]'),c=new RegExp(\"^https?:$\",\"i\"),i=0;i<o.length;i++)o[i].style.display=\"none\";for(i=0;i<a.length;i++)s=a[i],e.source===s.contentWindow&&(s.removeAttribute(\"style\"),\"height\"===t.message?(1e3<(r=parseInt(t.value,10))?r=1e3:~~r<200&&(r=200),s.height=r):\"link\"===t.message&&(r=new URL(s.getAttribute(\"src\")),n=new URL(t.value),c.test(n.protocol))&&n.host===r.host&&l.activeElement===s&&(d.top.location.href=t.value))}},d.addEventListener(\"message\",d.wp.receiveEmbedMessage,!1),l.addEventListener(\"DOMContentLoaded\",function(){for(var e,t,s=l.querySelectorAll(\"iframe.wp-embedded-content\"),r=0;r<s.length;r++)(t=(e=s[r]).getAttribute(\"data-secret\"))||(t=Math.random().toString(36).substring(2,12),e.src+=\"#?secret=\"+t,e.setAttribute(\"data-secret\",t)),e.contentWindow.postMessage({message:\"ready\",secret:t},\"*\")},!1)))}(window,document);\n\/* ]]> *\/\n<\/script>\n","thumbnail_url":"https:\/\/obispadoarica.cl\/home\/wp-content\/uploads\/2024\/09\/img_gale_66ec5d1496145_19092024.jpeg","thumbnail_width":1000,"thumbnail_height":750,"description":"En la Iglesia Catedral, del extremo norte de Chile, se llev\u00f3 a cabo la tradicional liturgia en acci\u00f3n de gracias a Dios por aniversario patrio. En tradicional liturgia republicana, el Obispo de San Marcos de Arica, Mons. Mois\u00e9s Atisha, presidi\u00f3 la ceremonia en la Iglesia Catedral con las m\u00e1s altas autoridades de la Regi\u00f3n de [...]"}

En la Iglesia Catedral, del extremo norte de Chile, se llevó a cabo la tradicional liturgia en acción de gracias a Dios por aniversario patrio. En tradicional liturgia republicana, el Obispo de San Marcos de Arica, Mons. Moisés Atisha, presidió la ceremonia en la Iglesia Catedral con las más altas autoridades de la Región de [...]
